by 20?
18
Calculate the remainder when 462 is divided by 187.
88
What is the remainder when 2627 is divided by 45?
17
Calculate the remainder when 15894 is divided by 2644.
30
What is the remainder when 3044 is divided by 145?
144
What is the remainder when 29925 is divided by 172?
169
What is the remainder when 63213 is divided by 1053?
33
What is the remainder when 17447 is divided by 42?
17
What is the remainder when 36092 is divided by 127?
24
Calculate the remainder when 32771 is divided by 7.
4
Calculate the remainder when 7585 is divided by 27.
25
Calculate the remainder when 69479 is divided by 23.
19
Calculate the remainder when 135965 is divided by 13596.
5
Calculate the remainder when 3330 is divided by 452.
166
Calculate the remainder when 3582 is divided by 1191.
9
Calculate the remainder when 2472 is divided by 822.
6
Calculate the remainder when 4109 is divided by 85.
29
Calculate the remainder when 19245 is divided by 1069.
3
What is the remainder when 13284 is divided by 4421?
21
Calculate the remainder when 474 is divided by 175.
124
Calculate the remainder when 7033 is divided by 588.
565
Calculate the remainder when 72061 is divided by 145.
141
What is the remainder when 12752 is divided by 93?
11
What is the remainder when 4309 is divided by 58?
17
Calculate the remainder when 34736 is divided by 464.
400
Calculate the remainder when 408437 is divided by 525.
512
What is the remainder when 12184 is divided by 14?
4
Calculate the remainder when 66730 is divided by 89.
69
What is the remainder when 79782 is divided by 700?
682
What is the remainder when 2479580 is divided by 92?
88
Calculate the remainder when 158 is divided by 87.
71
What is the remainder when 484846 is divided by 512?
494
Calculate the remainder when 2086 is divided by 115.
16
What is the remainder when 29528 is divided by 36?
8
What is the remainder when 21367 is divided by 28?
3
Calculate the remainder when 4083 is divided by 23.
12
Calculate the remainder when 784 is divided by 257.
13
What is the remainder when 1943 is divided by 645?
8
What is the remainder when 4844 is divided by 1602?
38
Calculate the remainder when 7446 is divided by 3718.
10
What is the remainder when 94831 is divided by 62?
33
What is the remainder when 25479 is divided by 1208?
111
What is the remainder when 903 is divided by 329?
245
What is the remainder when 10453 is divided by 3470?
43
Calculate the remainder when 4327 is divided by 2150.
27
What is the remainder when 2017 is divided by 401?
12
What is the remainder when 5130 is divided by 107?
101
What is the remainder when 13543 is divided by 1230?
13
What is the remainder when 37963 is divided by 18937?
89
What is the remainder when 161109 is divided by 548?
545
Calculate the remainder when 32681 is divided by 16324.
33
What is the remainder when 82447 is divided by 50?
47
What is the remainder when 9136 is divided by 169?
10
Calculate the remainder when 2917 is divided by 1201.
515
Calculate the remainder when 8088 is divided by 7882.
206
What is the remainder when 15941 is divided by 759?
2
What is the remainder when 674486 is divided by 1049?
1028
Calculate the remainder when 4582 is divided by 805.
557
What is the remainder when 9393 is divided by 29?
26
What is the remainder when 51863 is divided by 57?
50
What is the remainder when 4907 is divided by 681?
140
What is the remainder when 6375 is divided by 281?
193
What is the remainder when 37190 is divided by 93?
83
What is the remainder when 3633 is divided by 64?
49
Calculate the remainder when 4112 is divided by 27.
8
Calculate the remainder when 18334 is divided by 229.
14
Calculate the remainder when 13086 is divided by 4321.
123
What is the remainder when 203 is divided by 23?
19
Calculate the remainder when 308445 is divided by 102814.
3
What is the remainder when 6400 is divided by 22?
20
Calculate the remainder when 13722 is divided by 980.
2
Calculate the remainder when 1108228 is divided by 296.
4
What is the remainder when 242104 is divided by 17?
7
What is the remainder when 7645 is divided by 1435?
470
What is the remainder when 3553 is divided by 262?
147
Calculate the remainder when 7495 is divided by 125.
120
What is the remainder when 4163 is divided by 1455?
1253
Calculate the remainder when 6148 is divided by 77.
65
Calculate the remainder when 983848 is divided by 25.
23
Calculate the remainder when 4698 is divided by 64.
26
What is the remainder when 1387 is divided by 141?
118
Calculate the remainder when 272831 is divided by 112.
111
Calculate the remainder when 13202 is divided by 341.
244
What is the remainder when 10222 is divided by 77?
58
Calculate the remainder when 65859 is divided by 679.
675
Calculate the remainder when 303911 is divided by 42.
41
Calculate the remainder when 11844 is divided by 112.
84
What is the remainder when 819 is divided by 240?
99
What is the remainder when 843 is divided by 497?
346
What is the remainder when 70981 is divided by 38?
35
Calculate the remainder when 4537 is divided by 155.
42
Calculate the remainder when 17172 is divided by 1570.
1472
What is the remainder when 516705 is divided by 10?
5
Calculate the remainder when 5194 is divided by 305.
9
What is the remainder when 3261071 is divided by 476?
471
What is the remainder when 4191 is divided by 178?
97
Calculate the remainder when 3066422 is divided by 17.
13
What is the remainder when 4399 is divided by 126?
115
What is the remainder when 14640 is divided by 7?
3
What is the remainder when 6223 is divided by 158?
61
What is the remainder when 5135 is divided by 2519?
97
What is the remainder when 100667 is divided by 33548?
23
What is the remainder when 33431 is divided by 356?
323
Calculate the remainder when 7223 is divided by 129.
128
Calculate the remainder when 3197 is divided by 346.
83
Calculate the remainder when 37236 is divided by 1128.
12
What is the remainder when 3404 is divided by 21?
2
What is the remainder when 734456 is divided by 60?
56
What is the remainder when 52666 is divided by 299?
42
Calculate the remainder when 15880 is divided by 3172.
20
What is the remainder when 52945 is divided by 46?
45
Calculate the remainder when 218133 is divided by 18.
9
Calculate the remainder when 14171 is divided by 45.
41
What is the remainder when 360 is divided by 277?
83
What is the remainder when 11910 is divided by 3959?
33
What is the remainder when 20951 is divided by 338?
333
What is the remainder when 197716 is divided by 416?
116
What is the remainder when 116102 is divided by 39?
38
What is the remainder when 16936 is divided by 16879?
57
Calculate the remainder when 3698 is divided by 1778.
142
Calculate the remainder when 11253 is divided by 122.
29
What is the remainder when 5307 is divided by 682?
533
What is the remainder when 1358 is divided by 207?
116
What is the remainder when 19429 is divided by 48?
37
What is the remainder when 126487 is divided by 91?
88
Calculate the remainder when 64226 is divided by 606.
596
What is the remainder when 7961 is divided by 80?
41
What is the remainder when 78203 is divided by 6516?
11
What is the remainder when 193421 is divided by 11?
8
Calculate the remainder when 9293 is divided by 227.
213
Calculate the remainder when 1247 is divided by 122.
27
What is the remainder when 4251 is divided by 2122?
7
What is the remainder when 4663 is divided by 92?
63
Calculate the remainder when 3199 is divided by 264.
31
Calculate the remainder when 912 is divided by 387.
138
What is the remainder when 10332 is divided by 991?
422
What is the remainder when 16052 is divided by 7901?
250
Calculate the remainder when 9378 is divided by 6.
0
Calculate the remainder when 9350 is divided by 1847.
115
What is the remainder when 13500598 is divided by 200?
198
Calculate the remainder when 21280 is divided by 283.
55
What is the remainder when 22706 is divided by 485?
396
What is the remainder when 8651 is divided by 216?
11
What is the remainder when 17467 is divided by 301?
9
What is the remainder when 97647 is divided by 1550?
1547
Calculate the remainder when 30015 is divided by 28.
27
Calculate the remainder when 8055 is divided by 14.
5
Calculate the remainder when 36944 is divided by 12302.